 w.
11
Let t(c) = 11*c**2 - 14*c + 8. What are the prime factors of t(4)?
2
Let p = 52 - 17. Suppose m = 5*k - 25, -6*k = -k - 3*m - p. What are the prime factors of k?
2
Let o(d) = -d**2 + 6*d + 5. Suppose -q + 3*i - 4 = -1, 4*q - 15 = 3*i. List the prime factors of o(q).
5
Let o(s) = 3*s + 1. Let p be o(1). Suppose -p*d + 2*f + 108 = 6*f, -2*d + 4*f + 78 = 0. List the prime factors of d.
31
Let y(m) = -m + 7. Let i = -7 - -1. What are the prime factors of y(i)?
13
Suppose 0 = -o + 387 - 122. What are the prime factors of o?
5, 53
Let a(k) = 21*k**2 - k + 5. What are the prime factors of a(-3)?
197
Suppose -3*o + o = -8, 5*o - 48 = -4*z. Suppose -z*j + 28 = -3*j. Suppose -l + w = -7, -4*l - w = -31 - j. List the prime factors of l.
3
Let f(a) = -a**2 - 6*a. Let r be f(-5). Suppose 12 = r*p - 13. List the prime factors of p.
5
Let g = 76 - 24. Suppose 0 = 4*r - g - 20. List the prime factors of r.
2, 3
Let o = -3 - -5. Suppose -13 = o*k + 31. Let a = -12 - k. What are the prime factors of a?
2, 5
Let m = -374 + -359. Let f = 2108 + m. List the prime factors of f/65 + (-2)/13.
3, 7
Let f(t) = t**3 - 12*t**2 + 2*t + 9. List the prime factors of f(12).
3, 11
Let h(u) = -u + 3 + 3 - 1 - 4. What are the prime factors of h(-5)?
2, 3
What are the prime factors of 1/1*(-319)/(-11)?
29
Let y be 1/(-3) + (-219)/(-9). Suppose -v - 2*v = -y. List the prime factors of v.
2
Suppose -2*t = -2*m - 10, 2*t - 2*m - 10 = -t. Let a = 6 - 3. List the prime factors of a/2*(8 + t).
2, 3
Suppose -4*k - 266 = -3*f + 149, -3*k = 4*f - 595. List the prime factors of f.
5, 29
Suppose 1575 = 21*k - 16*k. What are the prime factors of k?
3, 5, 7
Suppose 2*f - 19 - 21 = 0. What are the prime factors of f?
2, 5
Suppose 2*h + 0*q = -4*q - 6, 30 = 5*h - 5*q. Suppose -330 = h*k + 2*k. List the prime factors of k/(-8) - (-2)/(-8).
2
Let u be (-4)/5*(-5)/2. Suppose -o + u*o = 2. Suppose o*x = 7 + 9. List the prime factors of x.
2
What are the prime factors of 6/(-9)*57/(-2)?
19
Let h(r) = -r + 2. Let w be h(1). Let i = -9 - -10. What are the prime factors of 7 - i*-2 - w?
2
Let x = -7 - -18. What are the prime factors of x?
11
Suppose 0 = -0*g + 4*g - 20. Suppose 0 = y + k + k + 6, 10 = -g*y - 5*k. Suppose 4*i - 92 = -4*h, 3*h + h - y*i - 62 = 0. List the prime factors of h.
2, 3
Let u = 6 + -2. Suppose u*b + 144 = 8*b. List the prime factors of b.
2, 3
Let a(x) = -3*x. Let z be a(2). Let p(w) = -5*w + 42. Let j(g) = -3*g + 28. Let i(b) = 8*j(b) - 5*p(b). List the prime factors of i(z).
2
Suppose a + 7 + 6 = u, 0 = 2*u + 3*a - 21. Suppose -4*x + x + u = 0. What are the prime factors of x?
2
Let x be 10/(0 + 1 + 0). Suppose g - x - 25 = 0. List the prime factors of g.
5, 7
Let y(s) = s**2 + 3*s - 6. Let k(c) be the first derivative of -c**3/3 + 3*c**2 + 10*c + 2. Let x be k(8). List the prime factors of y(x).
2, 3
Let j(v) be the third derivative of v**5/60 + v**4/8 - v**3/3 - 3*v**2. List the prime factors of j(-4).
2
Let d be (6/21)/((-2)/(-14)). Suppose 3*z - d*z - 5*u = 28, -4*u - 80 = -4*z. List the prime factors of z.
2, 3
Suppose -4*f = 3*u - 2*u - 41, 4*u = -3*f + 21. Suppose -5 = -15*o + 10*o. Suppose -f - o = -h. What are the prime factors of h?
2, 3
Suppose 3*w - 64 = -5*q, -53 = -5*q + w + 19. What are the prime factors of q?
2, 7
Suppose 2*b + 11 = 5*c - 13, 5*b + 4*c = 6. Let y(r) = -r**2 - 3*r + 2. Let l be y(b). Suppose -t + 5*t + 48 = l*d, 5*t + 5 = 0. List the prime factors of d.
11
Let k(n) = -23*n**3 - 2*n + 1. Let s be k(1). Let g = -7 - s. List the prime factors of g.
17
What are the prime factors of 18/(-1 + 7/4) - -3?
3
Let z(p) = 87*p**2 + p - 7. Let d(o) = -44*o**2 + 3. Let a(m) = -5*d(m) - 2*z(m). List the prime factors of a(-1).
47
Suppose -2*f = 2*p - 188, 2*f - 376 = -2*f - p. List the prime factors of f.
2, 47
Let c = 123 + -59. What are the prime factors of c?
2
Suppose 0 = -3*q + 2*q - 34. Let i = -4 - q. What are the prime factors of i?
2, 3, 5
Suppose 4*o + 0*o - 580 = 5*b, -272 = -2*o - 2*b. Suppose n + n = o. Suppose 5*f + 2*m - n = 0, 0 = 5*m - 0*m - 25. List the prime factors of f.
2, 3
Suppose -36 + 4 = -4*b. Suppose -q + b = -4. List the prime factors of q.
2, 3
Let o = -42 - -30. Let z = -4 - o. What are the prime factors of z?
2
Let s(u) = -4*u - 1. Let b be s(-2). Let m(y) = -3*y**2 - 11*y. Let q(i) = -5*i**2 - 21*i + 1. Let g(t) = -7*m(t) + 4*q(t). List the prime factors of g(b).
2
Let h(s) = s**2 + 2*s - 12. List the prime factors of h(11).
131
Suppose -125 = 5*p + 5*g, 6*p - p + 149 = g. Let n = p - -62. List the prime factors of n.
3, 11
List the prime factors of 2 + (2 - 3)*-18.
2, 5
List the prime factors of (-70)/8*(4 + -12).
2, 5, 7
Suppose 0 = 5*k + 5*s - 30, -k = -2*k + s. Let t = k - 15. List the prime factors of (-4)/(-6) + (-124)/t.
11
Suppose 3 = -2*m - 3. Let q be 8/m*(-4 + 1). List the prime factors of 38/q - 2/(-8).
5
Let d(z) = z + 5 + 6*z**2 - 1 + 3*z**3 - 2 - 2*z**3. What are the prime factors of d(-4)?
2, 3, 5
Suppose -12 = 3*h, 2*h + 3*h = s - 21. Let t be s/((-1)/68) + 2. List the prime factors of 1/(2*(-3)/t).
11
Suppose 0*z + 2392 = 8*z. What are the prime factors of z?
13, 23
What are the prime factors of (-20)/30 - (-11)/3?
3
Suppose 0*j = 6*j - 180. List the prime factors of j.
2, 3, 5
Let l(b) = -b**3 + 7*b**2 + b - 5. Let a be l(7). Suppose -a*h + 4 = 4*g, -4*h + 2 = 3*g - 1. Suppose 2*r + 1 - 9 = h. List the prime factors of r.
2
Let i be (-556)/(-10) - (-10)/25. Suppose 2*v = -2*v + i. Let b = 5 + v. List the prime factors of b.
19
Let o(w) = -w**2 + 7*w + 3. Let s(c) be the first derivative of c**4/4 + 4*c**3/3 + c**2/2 + 2. Let a be s(-3). List the prime factors of o(a).
3
Suppose 120 = -2*o + 6*o. What are the prime factors of o?
2, 3, 5
Suppose -4*v = -4*r - 376, -v + 2*r + r = -92. What are the prime factors of v?
5, 19
Let g = 3 - 3. Suppose -2*n + 7*n - 140 = g. List the prime factors of n.
2, 7
Suppose 2*c = d + 14, 2*d - 52 = 7*d - 4*c. Let i = -6 - d. List the prime factors of i.
2
Let w be 9*(4/(-6) - -1). Suppose 0*v = w*v + 2*k, 3*k = 2*v. Let s(d) = -d**2 + d + 6. List the prime factors of s(v).
2, 3
Suppose 93 = 5*d - 2*m, 0*d - 4*d + 79 = 3*m. Let v be (-1)/(2/20*1). Let r = v + d. What are the prime factors of r?
3
Let y(x) = x. Let f(a) = -a**2 + 13*a - 6. Let i(l) = f(l) - 3*y(l). Suppose 4*n = 3 + 33. List the prime factors of i(n).
3
Let b(h) = -h - 5. Let z be b(-5). What are the prime factors of (z/3)/2 + 8?
2
Let i(a) = -a**2 - 7*a. Let k be i(-6). Suppose -3*f - 5*q = -0*f - 31, 14 = 2*f + 2*q. Suppose -f*h - h = -k. List the prime factors of h.
2
Let u(q) = q**3 + 12*q**2 + 15*q. List the prime factors of u(-7).
2, 5, 7
Let s be (-6)/4 + 1125/6. Suppose -4*r + s = 5*i, 29 = -4*i + r + 161. What are the prime factors of i?
2, 17
Let a be 75/20*16/(-6). Let u = -6 - a. What are the prime factors of u?
2
Let b be (9/(-2))/((-4)/8). Let w be (-6)/b + (-17)/(-3). Suppose -2*r = c + 3*c - 32, -4*r + 37 = w*c. List the prime factors of c.
3
Suppose 9*i - 11*i + 56 = 0. Let t = -9 + i. List the prime factors of t.
19
Suppose 5*g - 396 = 384. What are the prime factors of g?
2, 3, 13
Let a = -1 - 1. Let m(j) = -j**3 + j**2 + 2*j - 1. List the prime factors of m(a).
7
Let f = 0 + 11. List the prime factors of f.
11
Let k be 2/(-3) - (-86)/(-6). Let o = 31 - k. Suppose -5*d - 4*f = -3*f - o, 3*d = f + 34. List the prime factors of d.
2, 5
Suppose -7*x + 1881 = 2*x. What are the prime factors of x?
11, 19
Let s(l) = -l**3 - 11*l**2 - 18*l - 11. List the prime factors of s(-10).
3, 23
Let f(o) be the second derivative of o**4/6 - o**3/3 + o**2/2 - 3*o. Let w be f(2). Suppose y - 13 = -w*t, 0*y - y + 4*t = -4. What are the prime factors of y?
2
Let g(b) = 5*b**2 - 4*b + 1. List the prime factors of g(-4).
97
Suppose -13*c + 10*c + 120 = 0. What are the prime factors of c?
2, 5
Suppose 4*i + 40 = 3*u, -5*i + 4*i - 13 = -u. Suppose -4*w - 72 = -5*c + 48, -3*c - w + 72 = 0. Suppose c = 3*d - u. What are the prime factors of d?
2, 3
Let k be (-3)/(-3) + 1 + 22. Suppose 0 = 3*i - k - 18. List the prime factors of i.
2, 7
List the prime factors of 1/8 + 6220/160.
3, 13
Let f(p) = -p**3 - 4*p**2 - 11*p - 4. Let a be (-9)/(-21) + 62/(-14). What are the prime factors of f(a)?
2, 5
Let d = 3 + 2. Le